q).
3
Suppose 4*x = 3*v + 16, -5*v + x = -x + 22. Let n(r) = -r**3 - 4*r**2 - 3. Calculate n(v).
-3
Let f(c) = -c**3 + 5*c**2 - 5*c - 3. Let v = -5 + 9. Suppose -v = -3*b + 8. Determine f(b).
-7
Suppose -16 = 2*f - 6*f. Suppose -b + 3*b = f. Let v(j) = -3 + j - j**b + j - 6*j. Determine v(-3).
0
Let a(h) be the second derivative of -h**5/20 + h**4/12 + h**3/6 - h**2/2 + h. Suppose 0 = 3*j + 2*j - 10. Suppose 2 = j*m, -2*n + 4 = 2*m - 0*m. What is a(n)?
0
Let l be (-2)/(-4) + 42/12. Suppose -5*g = 5*b, 0 = -2*g + l*g - 2. Let r(f) = -8*f - 1. Give r(b).
7
Let o(x) = 9*x**2 - 8*x - 7. Suppose -5*c = 4*i + 11 - 47, c - 7 = -i. Let n(q) = 5*q**2 - c - 4*q + 1 + 2 + 1. Let l(d) = -7*n(d) + 4*o(d). What is l(4)?
0
Suppose 0 = -5*b - 61 + 71. Let g(d) = -d**2 + 6*d - d - 1 - 1. Calculate g(b).
4
Let s(q) be the third derivative of -q**6/60 - q**5/60 + q**4/6 + q**3/2 - 4*q**2. Let y(l) = l**2 - 6*l - 2. Let g be y(5). Let r = 5 + g. Determine s(r).
7
Let n be -4*((-5)/2 + 3). Let h(q) = -1 - 7*q**2 - 9*q**2 - q + 15*q**2. Determine h(n).
-3
Let b(d) = -d - 1. Let x be b(2). Let o = 3 + -1. Let j(l) = 2*l**2 - 2*l + l**3 - 3 - 3*l + 3 - o. What is j(x)?
4
Let j(z) be the second derivative of -z**5/20 + z**4/12 + 7*z**2/2 + z. Let h(m) = m**3 - m - 8. Let t(v) = -5*h(v) - 6*j(v). Give t(5).
-2
Let q(y) = -y**2 + 8*y - 9. Let n be (-1)/(-3) + (-28)/(-6). Suppose -12 = -n*z + 18. Calculate q(z).
3
Let w(c) = c**2 + 10*c - 11. Let t be w(-11). Suppose t = -d + 3 - 2. Let r(y) = -11*y. Calculate r(d).
-11
Let b(w) = 4*w**3 + 2*w**2 - 3*w - 10. Let u(p) = 7*p**3 + 5*p**2 - 5*p - 19. Let f(q) = 5*b(q) - 3*u(q). Determine f(-5).
7
Let w = -19 - -29. Let h(d) = 4*d**3 - 4*d**2 + 3*d - 1. Let t be h(2). Let l be (-2)/w - t/(-5). Let q(y) = y**2 - 5*y + 6. Calculate q(l).
2
Let s(v) be the second derivative of -v**6/40 + v**4/24 + v**3/2 - 3*v. Let a(l) be the second derivative of s(l). Determine a(-1).
-8
Let a(i) = 2*i + 189 - i**2 - 3*i - 184. Suppose 5*c = 3*v - 6 - 20, -4*c + v - 18 = 0. Give a(c).
-7
Suppose -2*s = -0*s. Suppose s*l - 5 = 5*l. Let r(g) be the second derivative of 2*g**5/5 + 2*g. Determine r(l).
-8
Let j be 4*(3 + 27/(-12)). Let t = 1 + 1. Let g(n) = -4*n**3 - 12 + 9 + 3*n + 3*n**t + j*n**3. Give g(3).
6
Let a(p) = -5*p**2 - 2*p + 1. Let h(y) = -11*y**2 - 5*y + 3. Let g(c) = 5*a(c) - 2*h(c). Calculate g(1).
-4
Let p(t) = 3*t**2 - t. Let v be ((-22)/6)/(3/(-9)). Suppose 3*w - 75 = -0*w. Suppose -2*o = -f - v, w = -5*f - 0*f + 4*o. What is p(f)?
4
Let d be 27/4 - (-8)/32. Let p(c) = c**2 - c + 9*c - c**3 - d*c + 8. Give p(0).
8
Let h(b) = b - 1. Let z(j) = 25*j - 30. Let k(q) = 30*h(q) - z(q). Let i be (-3)/(-12) - 3/(-4). Calculate k(i).
5
Let w(d) = -2 - 1 + 14*d + 2. Give w(-1).
-15
Let s(i) = i**2 - 3*i - 1. Let j = 5 + -8. Suppose 4*x = 3*a + 1, -4*a - 4 = -2*x + 4. Let p be j/((-2)/(0 - x)). Determine s(p).
-1
Let p(w) be the second derivative of 1/3*w**3 + 0 - 1/20*w**5 + 0*w**2 - w + 0*w**4. Let s(t) = t + 10. Let y be s(-12). What is p(y)?
4
Let y be 10/3*-2*(-12)/(-16). Suppose -6*p = -3*p - 6. Let u(o) = -2*o**p + 3*o**2 - 6*o - 2*o**2 - 7. What is u(y)?
-2
Let s(r) = 4*r**2 - 2*r - 1. Let n be (-3)/2 + (-9)/(-6). Let g(d) = -d + 2*d + 0 - d**2 + n. Let u(o) = -3*g(o) - s(o). Give u(2).
-5
Let u(z) = -z - 3. Let v be u(-5). Let a(m) = v*m - 3*m + 2*m + m**2 + 3*m**3 + 1 + 0. Determine a(-1).
-2
Let t(g) be the third derivative of -g**5/60 + g**4/6 - g**3 - 16*g**2. Let n be 2 - (-2 - (-1 - -1)). Calculate t(n).
-6
Let d(x) = x**2 + 3*x - 4. Suppose -2*r + 1 + 3 = 0. Suppose -r*h + 3 + 3 = 0, 25 = -4*v + 3*h. Calculate d(v).
0
Let v(n) = 1 + 4*n**2 - 3*n**2 + 5*n + 1 + n**3 + 5*n**2. Let h be v(-5). Let s(r) = r**3 - 2*r**2 - r. Determine s(h).
-2
Suppose 0 = -9*x + x - 40. Let r(a) = -a - 8. Calculate r(x).
-3
Let g(d) = -d - 7. Let m be g(-4). Let k be (-8)/(-6)*m/(-1). Let v(y) = y**2 - 3*y - 1. What is v(k)?
3
Let d(g) be the second derivative of 1/2*g**3 - g**2 + 0 - 1/20*g**5 - 1/6*g**4 - 2*g. Let v be (6/4)/(4/(-8)). What is d(v)?
-2
Suppose h - 3*s = 2*h - 2, 5*h - 2*s - 27 = 0. Suppose 11 = 3*p + 4*y + y, -y + 11 = h*p. Let m(c) = -2 + c**2 + 8*c - p*c + 5. Determine m(-3).
-6
Let x(k) = -k**3 + 3*k - 3. Suppose 2*t = 6 - 0. Suppose -5 = -b, -3*d + d - t*b + 31 = 0. Suppose 5*z = z + d. Determine x(z).
-5
Let s(i) = i**2 - 3*i + 6. Let n(y) = -y**2 + 3*y - 5. Let f(d) = -4*n(d) - 3*s(d). What is f(4)?
6
Let w(r) be the third derivative of r**5/60 + r**4/4 + r**3/3 - r**2. Let f(c) = 0 - 2*c + 1 + 2. Let t be f(4). Calculate w(t).
-3
Let s(z) = -4*z**3 - 3*z**2 + z - 3. Let g(q) = -11*q**3 - 9*q**2 + 3*q - 8. Let o(d) = -3*g(d) + 8*s(d). Calculate o(-3).
3
Let h(s) = -40 - 3*s + 19 + 21. Suppose -5*m + 15 = g, -1 + 13 = -4*m + 4*g. Let v be h(m). Let r(t) = -t**2 - 6*t - 2. What is r(v)?
-2
Let b(k) = k**3 - 6*k**2 + 5*k - 4. Suppose d - 20 = -4*d. Suppose 2*i = h + 27, -i - 4*h + 43 = 16. Suppose 7*o - i = d*o. Give b(o).
-4
Let v(i) = i**3 - 2*i + 3. Suppose 3*w + k - 15 = 0, -k - 1 = -4*w + 4*k. Suppose -w - 2 = -3*h. What is v(h)?
7
Let a(l) = -l**3 - 12*l**2 + 11*l - 24. Let d be a(-13). Let u(j) be the first derivative of 4 + 2*j - 1/2*j**d. What is u(5)?
-3
Let u(y) be the third derivative of -y**5/60 - y**4/3 - 5*y**3/6 - 21*y**2. What is u(-8)?
-5
Let c = 12 + -6. Let m(o) = o**2. Let x(z) = -2*z**2 - 6*z - 5. Let i(w) = -3*m(w) - x(w). Calculate i(c).
5
Suppose -b = -w + 3*b + 25, -2*w + 2*b + 20 = 0. Suppose 2*u - 5*u + 9 = 0. Let z(y) = y**3 - 4*y**2 - u*y**2 - 4 + 2*y + 2*y**2. What is z(w)?
6
Let a(h) be the second derivative of h**5/120 + h**4/8 - h**3/6 + 2*h. Let w(b) be the second derivative of a(b). Let j be -1 + -5 + 5 + -3. Give w(j).
-1
Let t(s) = -s**2 - 6*s - 6. Let z be 6/((-8)/4 + 1). What is t(z)?
-6
Suppose 3*i + 27 = -3*r, 0 = 4*r + 13 + 7. Let z(j) = -2 - 5*j**2 + 3*j**2 + 1 + 3*j**2 + 2*j. Determine z(i).
7
Let i(s) = -s - 7. Let w(b) = -b**3 + 2*b**2 - 2*b - 1. Let q be 14*(3 + 0)/(-6). Let p be (q - -1)*(-5)/15. Let z be w(p). What is i(z)?
-2
Let z(t) be the first derivative of 1/2*t**2 - t - 1/3*t**3 - 1/2*t**4 + 2. Determine z(1).
-3
Let w be (-1)/(-2)*2*2. Let d(g) = 0*g + g**2 - w*g**2 + 2*g. Give d(2).
0
Let d(k) be the second derivative of -k**3/6 - 7*k**2/2 + 4*k. Give d(0).
-7
Let u(n) be the first derivative of 2*n**3/3 - 2*n**2 + n + 4. Determine u(3).
7
Let g(n) = n**2 - 5*n + 5. Let p be g(5). Let z(d) be the third derivative of d**4/12 - d**3/2 + 4*d**2. Calculate z(p).
7
Let m = -72 + 74. Let x(q) = -6*q - 1. Let v(i) = 13*i + 3. Let j(w) = -2*v(w) - 5*x(w). What is j(m)?
7
Suppose -5 = 2*o + 3. Let a(h) = 4*h**2 - 204*h**3 - 3 + 411*h**3 - 206*h**3 + 4*h - 5*h. What is a(o)?
1
Suppose -15 = 5*q - 0. Let d(g) = 8*g - 21*g + g**3 - 2*g**2 + 10*g + 5*g**2 - 3. Calculate d(q).
6
Let s(i) = -i**2 + 4*i + 3. Suppose -185 = -3*a - 173. Calculate s(a).
3
Let s(j) = -j - 2. Suppose -t - x - 11 = t, 4*t = 5*x - 15. Give s(t).
3
Let z(j) = 0 - 5*j + 6*j - 8*j**3 - 1 + 0. Suppose 2 = -2*i + 4*i. Give z(i).
-8
Suppose 2*y - h + 8 = 4*h, y + 3*h + 4 = 0. Let g(t) = -t**2 - 2*t - 5. Give g(y).
-13
Let d be -2*1/2 - -1. Let g(s) = -5 + s + d*s + 1. Determine g(5).
1
Let s(q) be the second derivative of 1/12*q**4 - q + 0 + 1/2*q**2 + 1/6*q**3. Suppose -5*u - 1 - 9 = 0. What is s(u)?
3
Let a(j) = -j**3 + 3*j**2 + 3*j + 1. Let f be a(4). Let l be (f - 2)*6/15. Let h = l + 4. Let k(v) = -v**2 + 4*v - 3. Give k(h).
1
Let j(l) = -l**2 - l - 1. Let r(n) be the third derivative of n**6/120 + 7*n**5/60 - n**4/8 + 7*n**3/6 + 5*n**2. Let h(s) = 2*j(s) + r(s). Give h(-6).
-1
Suppose 5*j = 3*j. Suppose -3*v + 0*v + 6 = j. Let o(u) = -u**2 + 3*u - 3. Give o(v).
-1
Let u(a) = a**3 + a**2 - a - 3. Suppose 4*h - l = -6*l + 40, 5*h - 9 = 4*l. Suppose 5*d - 3*s - 18 = 0, -3*s + 2 = h*d - 10. Let i be d/4 - 12/16. Give u(i).
-3
Let r(d) = -6*d**2 - 10 + 151*d**3 - 5*d - 294*d**3 + 144*d**3. What is r(7)?
4
Let h(q) = -q - 1. Let m(u) = 7*u + 6. Let j(b) = -6*h(b) - m(b). Suppose -4 = -5*p + 6. Let w be p/6 - (-16)/6. Determine j(w).
-3
Let b(g) = -4*g - 3. Let c(w) = w**3 + 8*w**2 + 6*w + 2. Let n be c(-7). Let i(x) = 16*x + 13. Let u(p) = n*b(p) + 2*i(p). Let s = 6 + -8. Determine u(s).
7
Let k(r) = -2*r -